?
-101011011110001011000110
In base 16, what is -4fe + e8a?
98c
In base 6, what is 0 - 1211315222?
-1211315222
In base 16, what is -132b02 + 5a?
-132aa8
In base 7, what is 223 - 2214221?
-2213665
In base 2, what is -1010110100000011011100001001 - -100?
-1010110100000011011100000101
In base 7, what is -54602122 + -5?
-54602130
In base 11, what is -47a + -398a5?
-3a274
In base 11, what is 70a3 - 712?
6491
In base 2, what is 10000011110101010 - -1000101?
10000011111101111
In base 10, what is -49991412 + -2?
-49991414
In base 12, what is -b2174 + -310?
-b2484
In base 10, what is -122 + -8383?
-8505
In base 14, what is 1 + 5641c27?
5641c28
In base 10, what is -119 + 5852500?
5852381
In base 11, what is -58892002 + -2?
-58892004
In base 14, what is 38a605d - -2?
38a6061
In base 6, what is 13033002231 - -1?
13033002232
In base 12, what is -19 - -4474720?
4474703
In base 14, what is 9d8a6b - 16?
9d8a55
In base 6, what is 4 - -350314023?
350314031
In base 6, what is 0 - 30511210440?
-30511210440
In base 11, what is 5 - -8390690?
8390695
In base 16, what is -4 + -ae2290?
-ae2294
In base 13, what is -70a884 - 5?
-70a889
In base 16, what is -190be2f + 3?
-190be2c
In base 3, what is -111202 + 11210001202?
11202120000
In base 16, what is 4b445 + 18?
4b45d
In base 3, what is -101201102 - -211212?
-100212120
In base 8, what is 3 - 14132015?
-14132012
In base 2, what is -1000 - -110000111010011111?
110000111010010111
In base 6, what is -21 + -4453131?
-4453152
In base 8, what is 3472 - 17142?
-13450
In base 12, what is -31b4742 - 2?
-31b4744
In base 15, what is 3b1 - 72e8?
-6e37
In base 2, what is 1010010010001000001011010 - -1?
1010010010001000001011011
In base 8, what is 254021 + 11?
254032
In base 11, what is -76665a - 6?
-766665
In base 12, what is -705533 + 70?
-705483
In base 11, what is 5071 - -6a3?
5764
In base 5, what is -330 - -12103313?
12102433
In base 6, what is -1142042 + -2314?
-1144400
In base 6, what is -2 + -141335321?
-141335323
In base 9, what is 2 - 60523171?
-60523168
In base 3, what is 0 + -11020002221110212?
-11020002221110212
In base 9, what is 3355 + 21415?
24771
In base 8, what is -312520740 + -4?
-312520744
In base 5, what is -201 - -30124332?
30124131
In base 12, what is -757317a3 - 4?
-757317a7
In base 15, what is -2d831 - 2c0?
-2db01
In base 12, what is 3 - 6256725?
-6256722
In base 10, what is -44080243 + 0?
-44080243
In base 2, what is 10 - -11010001011000110001000101?
11010001011000110001000111
In base 7, what is -5066343 + 5336?
-5061004
In base 16, what is -6e - -250d8?
2506a
In base 15, what is -2a3614 + e?
-2a3605
In base 14, what is -23 - -4574c41?
4574c1c
In base 10, what is 2 - -77595249?
77595251
In base 5, what is -1311222 + -11222?
-1322444
In base 14, what is 0 + -2058d63?
-2058d63
In base 12, what is 0 + -1b06065?
-1b06065
In base 2, what is 10000011100 + -10000111010011110?
-10000101010000010
In base 15, what is -1c + -e9ad?
-e9ca
In base 7, what is 1411246 + -16242?
1362004
In base 3, what is 0 - 20200112210120?
-20200112210120
In base 13, what is -1243071 - -15?
-1243059
In base 3, what is 112112101011 - 2121?
112112021120
In base 2, what is -10 - 111100001001000111110010111?
-111100001001000111110011001
In base 12, what is -5a36 - 1b75?
-79ab
In base 15, what is 2a241 - e3?
2a14d
In base 7, what is -1260 - 24316?
-25606
In base 14, what is -270656bd - 4?
-270656c3
In base 10, what is -2614 - -1647?
-967
In base 15, what is 6 + 444d885?
444d88b
In base 3, what is 12001200 - 12122110120?
-12110101220
In base 5, what is 20002411000 + 0?
20002411000
In base 3, what is -2 - 11221110220?
-11221110222
In base 16, what is -47 + -1e21e?
-1e265
In base 2, what is 11000001 + 111111000010?
1000010000011
In base 9, what is 121014 + 10582?
131606
In base 8, what is -215752 - 11?
-215763
In base 2, what is -10001001011001110111011110 + 11?
-10001001011001110111011011
In base 14, what is -1b9120 + 11?
-1b910d
In base 5, what is 130 + 4123232?
4123412
In base 11, what is 8069 - a09?
7160
In base 11, what is -a95a26 - 23?
-a95a49
In base 13, what is 7a84 - 3a?
7a47
In base 3, what is -2020110 + 11122201002?
11120110122
In base 6, what is 51 + 520054?
520145
In base 14, what is 3b84 - -362?
4106
In base 12, what is -1b12208 + -8?
-1b12214
In base 10, what is 5 - 23769900?
-23769895
In base 6, what is -12243100001 + 22?
-12243055535
In base 11, what is -504767a + -8?
-5047687
In base 12, what is 678 - 2440?
-1984
In base 15, what is -88 - -3852e?
38496
In base 3, what is 20110102 - 111120?
12221212
In base 9, what is 0 + -101224642?
-101224642
In base 14, what is -15 - 3847b?
-38492
In base 16, what is -308 + -28bb6?
-28ebe
In base 2, what is -1001 - 1001001010010000010100111?
-1001001010010000010110000
In base 7, what is -1103231 - 1553?
-1105114
In base 7, what is 21 + -3454603?
-3454552
In base 12, what is -389201b - 2?
-3892021
In base 2, what is 11101110000101000 - 10101?
11101110000010011
In base 4, what is -31000 - 32020310?
-32111310
In base 11, what is 4a50 + 94?
5034
In base 7, what is 0 - 2324002040?
-2324002040
In base 11, what is 113159 + 9?
113167
In base 16, what is 12cd445 + -5?
12cd440
In base 9, what is 4 + 32647186?
32647201
In base 6, what is -204 + 522432?
522224
In base 9, what is -216108672 + 0?
-216108672
In base 11, what is -1295444 + 45?
-12953aa
In base 15, what is 852c90 + -3?
852c8c
In base 13, what is -57 - -78762?
78708
In base 15, what is -634653 - 1a?
-63466d
In base 12, what is 115 - -4b05?
501a
In base 11, what is 219a + 2487?
4676
In base 16, what is 2a1b1a - -8?
2a1b22
In base 16, what is -403b - 19ba?
-59f5
In base 3, what is 2022222012 - -1121102?
2101120121
In base 7, what is -11621415 - 1?
-11621416
In base 6, what is 2 - -3425450221?
3425450223
In base 12, what is -20 + 829a8?
82988
In base 12, what is -17 + -199525?
-199540
In base 9, what is 153775 - 188?
153576
In base 14, what is -5 + -38ba0d?
-38ba14
In base 8, what is -12 - 466635?
-466647
In base 6, what is 12353411522 + 12?
12353411534
In base 4, what is 11121002 + 2103230?
13230232
In base 9, what is -15 - 4864808?
-4864824
In base 14, what is -2 + -1743301?
-1743303
In base 6, what is -5454 + -15511253?
-15521151
In base 6, what is 10551 - -22034?
33025
In base 15, what is 5 + 152463a?
1524640
In base 4, what is 2033210 + 113221?
2213031
In base 10, what is 79003883 + -4?
79003879
In base 15, what is -12e899a + -2?
-12e899c
In base 9, what is 0 - -225885588?
225885588
In base 16, what is 4edb6 + -a3?
4ed13
In base 5, what is 114042100 - 104?
114041441
In base 11, what is 977aa - -7?
97806
In base 14, what is -3c326508 - 0?
-3c326508
In base 3, what is 2 - -212210222012?
212210222021
In base 14, what is 4 + 23b8673?
23b8677
In base 6, what is 214031423 - 301?
214031122
In base 4, what is -22212111 - -2120?
-22203331
In base 7, what is 51435305 - -1?
51435306
In base 8, what is -77 + 6220042?
6217743
In base 16, what is -310 + 32c43?
32933
In base 4, what is 1112110 + 311010?
2023120
In base 12, what is 1696bb1b - b?
1696bb10
In base 4, what is -1 - 2130310210121?
-2130310210122
In base 6, what is 10 + 3030352?
3030402
In base 7, what is 51240 + -300?
50640
In base 5, what is -123434 - 20234?
-144223
In base 7, what is 626 + -426031?
-425102
In base 15, what is 7 - c7e659?
-c7e652
In base 3, what is 2011112212 - 22021?
2011020121
In base 6, what is 2031340 + -11013?
2020323
In base 9, what is 40344 - -12524?
52868
In base 11, what is 2 - 813663?
-813661
In base 12, what is 2402 + -2a871?
-2846b
In base 2, what is 1001110000110111100101110 + 10001?
1001110000110111100111111
In base 2, what is -10101001100010111011111001 + -101?
-10101001100010111011111110
In base 4, what is -130213333102 - 10?
-130213333112
In base 8, what is 2713 + 15651?
20564
In base 9, what is 3660 + -255635?
-251865
In base 10, what is 3 + -109459311?
-109459308
In base 3, what is 100122012212001021 - 10?
100122012212001011
In base 9, what is 3413805 + -5?
3413800
In base 10, what is 2287 + -132395?
-130108
In base 3, what is 1101010222 + 201000201?
2002011200
In base 4, what is 12211103 - -23322?
12301031
In base 13, what is 81747b - 4?
817477
In base 11, what is 8a - -46234?
46313
In base 15, what is 1 + 14db7a6d?
14db7a6e
In base 6, what is -351301411 -